{"id":24,"date":"2021-11-24T18:51:29","date_gmt":"2021-11-24T17:51:29","guid":{"rendered":"http:\/\/srv-comm-lsw.legisway.com\/?page_id=24"},"modified":"2022-03-07T08:44:17","modified_gmt":"2022-03-07T07:44:17","slug":"accueil-lop","status":"publish","type":"page","link":"https:\/\/comm.lopcloud.com\/index.php\/accueil-lop\/","title":{"rendered":"Login Page LOP3"},"content":{"rendered":"\n<style>body.custom-background.page {  background-image: url(\/wp-content\/uploads\/2023\/07\/kleos_new_bg_v3.jpg);background-size: cover;}<\/style><div id=\"my-content\"><div class=\"article new-design  new-green\"><div class=\"title  new-green\">R\u00e9forme de la facturation \u00e9lectronique \u00e0 partir de septembre 2026<\/div><div class=\"content\"><!-- wp:paragraph -->\n<p>Votre logiciel LOP sera conforme \u00e0 la l\u00e9gislation en vigueur. Dans ce cadre, notre solution int\u00e9grera la possibilit\u00e9 d\u2019\u00e9mettre des factures \u00e9lectroniques via une plateforme de d\u00e9mat\u00e9rialisation partenaire (P.A), selon les exigences d\u00e9finies par l'administration fiscale. Les modalit\u00e9s de E-REPORTING seront \u00e9galement propos\u00e9es depuis l'application ainsi que le cycle de vie des factures.<\/p>\n<!-- \/wp:paragraph -->\n\n<!-- wp:paragraph -->\n<p><strong><a href=\"https:\/\/assets.contenthub.wolterskluwer.com\/api\/public\/content\/3050694-facturation-lectronique-france-f976af06fc?v=d5ecf4af\" data-type=\"link\" data-id=\"https:\/\/assets.contenthub.wolterskluwer.com\/api\/public\/content\/3050694-facturation-lectronique-france-f976af06fc?v=d5ecf4af\" target=\"_blank\" rel=\"noreferrer noopener\">TELECHARGER LE LIVRE BLANC FACTURATION ELECTRONIQUE LOP (cliquez ici)<\/a><\/strong><\/p>\n<!-- \/wp:paragraph -->\n\n<!-- wp:paragraph -->\n<p>Les \u00e9quipes LOP<\/p>\n<!-- \/wp:paragraph --><\/div><\/div><div class=\"article new-design  new-green\"><div class=\"title  new-green\">UPDATE (22\/01)- Synchronisation des agendas avec Outlook<\/div><div class=\"content\"><!-- wp:paragraph -->\n<p><\/p>\n<!-- \/wp:paragraph -->\n\n<!-- wp:paragraph -->\n<p><\/p>\n<!-- \/wp:paragraph -->\n\n<!-- wp:paragraph -->\n<p>Nous avons pu finaliser les d\u00e9veloppements et sommes en train de tester la nouvelle version de cette fonctionnalit\u00e9. La fonctionnalit\u00e9 sera prochainement int\u00e9gr\u00e9e dans une version LOP accessible \u00e0 tous.<\/p>\n<!-- \/wp:paragraph -->\n\n<!-- wp:paragraph -->\n<p>Nous communiquerons prochainement, depuis cette page, sur le d\u00e9ploiement de cette version.<\/p>\n<!-- \/wp:paragraph -->\n\n<!-- wp:paragraph -->\n<p><\/p>\n<!-- \/wp:paragraph -->\n\n<!-- wp:paragraph -->\n<p><\/p>\n<!-- \/wp:paragraph -->\n\n<!-- wp:paragraph -->\n<p><em>Les \u00e9quipes LOP <\/em><\/p>\n<!-- \/wp:paragraph --><\/div><\/div><div class=\"article new-design  new-orange\"><div class=\"title  new-orange\">Information - Microsoft - Fins de support prochaines (oct 2025)<\/div><div class=\"content\"><!-- wp:paragraph -->\n<p>Microsoft annonce la fin de support prochaine de plusieurs de leurs logiciels. Merci d\u2019en prendre connaissance et\/ou vous retourner vers votre contact informatique.<\/p>\n<!-- \/wp:paragraph -->\n\n<!-- wp:list {\"ordered\":true,\"start\":1} -->\n<ol start=\"1\" class=\"wp-block-list\"><!-- wp:list-item -->\n<li><strong>MS abandonne la version on premise d\u2019Exchange.<\/strong><\/li>\n<!-- \/wp:list-item --><\/ol>\n<!-- \/wp:list -->\n\n<!-- wp:paragraph -->\n<p>Microsoft annonce <strong>la fin de support d\u2019Exchange<\/strong> au 14 octobre 2025\u00a0: <a href=\"https:\/\/nam04.safelinks.protection.outlook.com\/?url=https%3A%2F%2Flearn.microsoft.com%2Ffr-fr%2Flifecycle%2Fproducts%2Fexchange-server-2019&amp;data=05%7C02%7Cguillaume.robin%40wolterskluwer.com%7C2bf5064ecbb340bd2ef708ddb3387e34%7C8ac76c91e7f141ffa89c3553b2da2c17%7C0%7C0%7C638863777394305660%7CUnknown%7CTWFpbGZsb3d8eyJFbXB0eU1hcGkiOnRydWUsIlYiOiIwLjAuMDAwMCIsIlAiOiJXaW4zMiIsIkFOIjoiTWFpbCIsIldUIjoyfQ%3D%3D%7C0%7C%7C%7C&amp;sdata=222xPvSMl%2BHcYzj%2FvIupmBFtutfoA9g%2B%2BHAO2nZ%2FXDI%3D&amp;reserved=0\" target=\"_blank\" rel=\"noreferrer noopener\">Cliquez ici <\/a><\/p>\n<!-- \/wp:paragraph -->\n\n<!-- wp:paragraph -->\n<p>Les cons\u00e9quences de l\u2019abandon de la version On Premise Exchange par Microsoft\u00a0: si vous souhaitez b\u00e9n\u00e9ficier de l\u2019int\u00e9gration du compl\u00e9ment LOP Outlook Addin, ou de la synchronisation agenda avec Outlook Exchange, dans Lop il faudra b\u00e9n\u00e9ficier d\u2019<a href=\"https:\/\/www.microsoft.com\/fr-fr\/microsoft-365\/exchange\/exchange-online\" data-type=\"link\" data-id=\"https:\/\/www.microsoft.com\/fr-fr\/microsoft-365\/exchange\/exchange-online\" target=\"_blank\" rel=\"noreferrer noopener\">un abonnement <strong>Microsoft Exchange Online<\/strong> cliquez ici <\/a><\/p>\n<!-- \/wp:paragraph -->\n\n<!-- wp:paragraph -->\n<p><strong>Si vous \u00eates concern\u00e9 ou si vous avez un doute nous vous recommandons d\u2019effectuer une v\u00e9rification avec votre prestataire informatique ou votre service informatique.<\/strong><\/p>\n<!-- \/wp:paragraph -->\n\n<!-- wp:paragraph -->\n<p>-<\/p>\n<!-- \/wp:paragraph -->\n\n<!-- wp:list {\"ordered\":true,\"start\":2} -->\n<ol start=\"2\" class=\"wp-block-list\"><!-- wp:list-item -->\n<li><strong><u>Fin de support Version Office 2016 et Office 2019 \u2013 Migration vers Office 365&nbsp;:<\/u><\/strong><\/li>\n<!-- \/wp:list-item --><\/ol>\n<!-- \/wp:list -->\n\n<!-- wp:paragraph -->\n<p>Par ailleurs Microsoft <a href=\"https:\/\/support.microsoft.com\/fr-fr\/office\/fin-de-la-prise-en-charge-pour-office-2016-et-office-pour-office-2019-818c68bc-d5e5-47e5-b52f-ddf636cf8e16#:~:text=Support%20for%20Office%202016%20and%20Office%202019%20will%20end%20on,apps%20will%20continue%20to%20function.\" data-type=\"link\" data-id=\"https:\/\/support.microsoft.com\/fr-fr\/office\/fin-de-la-prise-en-charge-pour-office-2016-et-office-pour-office-2019-818c68bc-d5e5-47e5-b52f-ddf636cf8e16#:~:text=Support%20for%20Office%202016%20and%20Office%202019%20will%20end%20on,apps%20will%20continue%20to%20function.\" target=\"_blank\" rel=\"noreferrer noopener\"><strong>arr\u00eate le support d\u2019Office 2016 et Office 2019 le 14 octobre 2025<\/strong> <strong>(cliquez ici)<\/strong><\/a><\/p>\n<!-- \/wp:paragraph -->\n\n<!-- wp:paragraph -->\n<p>Apr\u00e8s cette date les versions Office continueront de fonctionner avec LOP mais vous serez sur des versions non support\u00e9es par leur \u00e9diteur et potentiellement expos\u00e9 \u00e0 des risques.<\/p>\n<!-- \/wp:paragraph -->\n\n<!-- wp:paragraph -->\n<p>Nos \u00e9quipes sont \u00e0 votre disposition pour tout compl\u00e9ment d\u2019information n\u00e9cessaire.&nbsp;<\/p>\n<!-- \/wp:paragraph -->\n\n<!-- wp:paragraph -->\n<p><\/p>\n<!-- \/wp:paragraph --><\/div><\/div><div class=\"article new-design  new-orange\"><div class=\"title  new-orange\">Basculement sur le RPVA V2 dans Lop<\/div><div class=\"content\"><!-- wp:paragraph -->\n<p>Le CNB a proc\u00e9d\u00e9 le jeudi 5 juin 2025 \u00e0 13h30 au basculement du RPVA sur la version RPVA2.<\/p>\n<!-- \/wp:paragraph -->\n\n<!-- wp:paragraph -->\n<p><strong>Tous les messages re\u00e7us dans les bo\u00eetes de r\u00e9ception TJ &amp; CA, depuis le 3 juin 2024, apparaissent en statut \u00ab\u00a0non lu\u00a0\u00bb, m\u00eame s\u2019ils ont \u00e9t\u00e9 lus et \/ import\u00e9s dans un dossier Lop.<\/strong><\/p>\n<!-- \/wp:paragraph -->\n\n<!-- wp:paragraph -->\n<p>Il s\u2019agit d\u2019un effet secondaire du basculement effectu\u00e9 par le CNB, affectant tous les \u00e9diteurs de logiciels disposant d\u2019une int\u00e9gration avec le RPVA.<\/p>\n<!-- \/wp:paragraph -->\n\n<!-- wp:paragraph -->\n<p>Les messages que vous avez pr\u00e9alablement import\u00e9s dans vos dossiers Lop sont toujours bien enregistr\u00e9s.<\/p>\n<!-- \/wp:paragraph -->\n\n<!-- wp:paragraph -->\n<p>Nous vous recommandons cependant de v\u00e9rifier si les messages r\u00e9cents et importants ont bien \u00e9t\u00e9 import\u00e9s.<\/p>\n<!-- \/wp:paragraph -->\n\n<!-- wp:paragraph -->\n<p>Nous vous excusons de la g\u00eane occasionn\u00e9e.<\/p>\n<!-- \/wp:paragraph -->\n\n<!-- wp:paragraph -->\n<p><em>Les \u00e9quipes Lop&nbsp;<\/em><\/p>\n<!-- \/wp:paragraph -->\n\n<!-- wp:paragraph -->\n<p><\/p>\n<!-- \/wp:paragraph --><\/div><\/div><div class=\"article new-design  new-green\"><div class=\"title  new-green\">Page Linkedin   LOP<\/div><div class=\"content\"><!-- wp:paragraph -->\n<p>La page Linkedin LOP vous permet de suivre toute l'actualit\u00e9 du logiciel LOP : ses nouveaut\u00e9s, les \u00e9v\u00e8nements sur lesquels nous sommes pr\u00e9sents pour nous rencontrer (salons, s\u00e9minaires), nos livres blancs, etc.. Inscrivez-vous d\u00e8s \u00e0 pr\u00e9sent <strong><a rel=\"noreferrer noopener\" href=\"https:\/\/www.linkedin.com\/showcase\/lop-logiciel-pour-avocats\/\" target=\"_blank\">(cliquez ici)<\/a><\/strong> pour vous tenir inform\u00e9 !<\/p>\n<!-- \/wp:paragraph --><\/div><\/div><div class=\"article new-design  new-orange\"><div class=\"title  new-orange\">Pr\u00e9requis LOP (Mai 2025)<\/div><div class=\"content\"><!-- wp:list -->\n<ul class=\"wp-block-list\"><!-- wp:list-item -->\n<li><a href=\"https:\/\/wkleu.my.salesforce.com\/sfc\/p\/24000000ekmU\/a\/Vk000002x8YH\/8zTqbHfK1AB6zewawLB6l.4kUkdSYgLftdcNPDWYzXM\" target=\"_blank\" rel=\"noreferrer noopener\">Retrouvez l'int\u00e9gralit\u00e9 des&nbsp;pr\u00e9requis LOP (\u00e9dition INTRANET) en vous&nbsp;rendant sur cette page (cliquez ici)<\/a><\/li>\n<!-- \/wp:list-item -->\n\n<!-- wp:list-item -->\n<li><a href=\"https:\/\/wkleu.my.salesforce.com\/sfc\/p\/24000000ekmU\/a\/Vk0000033Sqr\/FEP0X8KWwg9oyHn.0K5QPVZL3M5kOxBXPlxxDJM958I\" data-type=\"URL\" data-id=\"https:\/\/wkleu.my.salesforce.com\/sfc\/p\/24000000ekmU\/a\/08000005DU46\/DtI4Cn9yx2Fe46T4uBGKnKRkW7hBXVX_BHZ_HQ_qy1M\" target=\"_blank\" rel=\"noreferrer noopener\">Pour les pr\u00e9requis LOP \u00e9dition Cloud (cliquez ici) <\/a><\/li>\n<!-- \/wp:list-item --><\/ul>\n<!-- \/wp:list -->\n\n<!-- wp:paragraph -->\n<p><br><p><em>Les pr\u00e9requis sont actualis\u00e9s r\u00e9guli\u00e8rement.\u00a0Merci de les consulter afin de vous tenir inform\u00e9 des derni\u00e8res versions et v\u00e9rifier avec votre prestataire informatique ou votre service IT que vous \u00eates toujours sur un environnement support\u00e9.<\/em><\/p><\/p>\n<!-- \/wp:paragraph --><\/div><\/div><div class=\"article new-design  new-orange\"><div class=\"title  new-orange\">Recommandation - Sauvegardes de vos donn\u00e9es<\/div><div class=\"content\"><!-- wp:paragraph -->\n<p>Si vous avez opt\u00e9 pour la version intranet de LOP (serveur au cabinet), pensez \u00e0 vous rapprocher de votre prestataire informatique pour des sauvegardes r\u00e9guli\u00e8res de vos donn\u00e9es et documents. Il est de votre responsabilit\u00e9 de g\u00e9rer ces sauvegardes et de bien mettre \u00e0 jour vos serveurs avec les derniers patchs de s\u00e9curit\u00e9.<\/p>\n<!-- \/wp:paragraph -->\n\n<!-- wp:paragraph -->\n<p>Si vous disposez de la version CLOUD de LOP, des sauvegardes sont effectu\u00e9es automatiquement tous les jours par notre prestataire Microsoft Azure.<\/p>\n<!-- \/wp:paragraph --><\/div><\/div><\/div>\n\n\n<div id=\"footer\">\n<div style=\"float:right;\"><a href=\"https:\/\/download.teamviewer.com\/download\/TeamViewerQS.exe\">T\u00e9l\u00e9maintenance<\/a><\/div>\n<div>Besoin d&#8217;aide ? Contactez-nous par <a href=\"mailto:FR-Support.LamyOptimium@wolterskluwer.com\"><b>e-mail<\/b><\/a> ou appelez au <b>0809 10 31 64<\/b> *<\/div>\n<div><em>* Votre appel est gratuit ou au tarif d&#8217;une communication locale selon votre op\u00e9rateur<\/em><\/div>\n<\/div>","protected":false},"excerpt":{"rendered":"<p>T\u00e9l\u00e9maintenance Besoin d&#8217;aide ? Contactez-nous par e-mail ou appelez au 0809 10 31 64 * * Votre appel est gratuit ou au tarif d&#8217;une communication locale selon votre op\u00e9rateur<\/p>\n","protected":false},"author":1,"featured_media":0,"parent":0,"menu_order":0,"comment_status":"closed","ping_status":"closed","template":"","meta":{"inline_featured_image":false,"footnotes":""},"class_list":["post-24","page","type-page","status-publish","hentry","entry"],"_links":{"self":[{"href":"https:\/\/comm.lopcloud.com\/index.php\/wp-json\/wp\/v2\/pages\/24","targetHints":{"allow":["GET"]}}],"collection":[{"href":"https:\/\/comm.lopcloud.com\/index.php\/wp-json\/wp\/v2\/pages"}],"about":[{"href":"https:\/\/comm.lopcloud.com\/index.php\/wp-json\/wp\/v2\/types\/page"}],"author":[{"embeddable":true,"href":"https:\/\/comm.lopcloud.com\/index.php\/wp-json\/wp\/v2\/users\/1"}],"replies":[{"embeddable":true,"href":"https:\/\/comm.lopcloud.com\/index.php\/wp-json\/wp\/v2\/comments?post=24"}],"version-history":[{"count":19,"href":"https:\/\/comm.lopcloud.com\/index.php\/wp-json\/wp\/v2\/pages\/24\/revisions"}],"predecessor-version":[{"id":1063,"href":"https:\/\/comm.lopcloud.com\/index.php\/wp-json\/wp\/v2\/pages\/24\/revisions\/1063"}],"wp:attachment":[{"href":"https:\/\/comm.lopcloud.com\/index.php\/wp-json\/wp\/v2\/media?parent=24"}],"curies":[{"name":"wp","href":"https:\/\/api.w.org\/{rel}","templated":true}]}}

<style>body.custom-background.page {  background-image: url(/wp-content/uploads/2023/07/kleos_new_bg_v3.jpg);background-size: cover;}</style><div id="my-content"><div class="article new-design  new-green"><div class="title  new-green">Réforme de la facturation électronique à partir de septembre 2026</div><div class="content"><!-- wp:paragraph -->
<p>Votre logiciel LOP sera conforme à la législation en vigueur. Dans ce cadre, notre solution intégrera la possibilité d’émettre des factures électroniques via une plateforme de dématérialisation partenaire (P.A), selon les exigences définies par l'administration fiscale. Les modalités de E-REPORTING seront également proposées depuis l'application ainsi que le cycle de vie des factures.</p>
<!-- /wp:paragraph -->

<!-- wp:paragraph -->
<p><strong><a href="https://assets.contenthub.wolterskluwer.com/api/public/content/3050694-facturation-lectronique-france-f976af06fc?v=d5ecf4af" data-type="link" data-id="https://assets.contenthub.wolterskluwer.com/api/public/content/3050694-facturation-lectronique-france-f976af06fc?v=d5ecf4af" target="_blank" rel="noreferrer noopener">TELECHARGER LE LIVRE BLANC FACTURATION ELECTRONIQUE LOP (cliquez ici)</a></strong></p>
<!-- /wp:paragraph -->

<!-- wp:paragraph -->
<p>Les équipes LOP</p>
<!-- /wp:paragraph --></div></div><div class="article new-design  new-green"><div class="title  new-green">UPDATE (22/01)- Synchronisation des agendas avec Outlook</div><div class="content"><!-- wp:paragraph -->
<p></p>
<!-- /wp:paragraph -->

<!-- wp:paragraph -->
<p></p>
<!-- /wp:paragraph -->

<!-- wp:paragraph -->
<p>Nous avons pu finaliser les développements et sommes en train de tester la nouvelle version de cette fonctionnalité. La fonctionnalité sera prochainement intégrée dans une version LOP accessible à tous.</p>
<!-- /wp:paragraph -->

<!-- wp:paragraph -->
<p>Nous communiquerons prochainement, depuis cette page, sur le déploiement de cette version.</p>
<!-- /wp:paragraph -->

<!-- wp:paragraph -->
<p></p>
<!-- /wp:paragraph -->

<!-- wp:paragraph -->
<p></p>
<!-- /wp:paragraph -->

<!-- wp:paragraph -->
<p><em>Les équipes LOP </em></p>
<!-- /wp:paragraph --></div></div><div class="article new-design  new-orange"><div class="title  new-orange">Information - Microsoft - Fins de support prochaines (oct 2025)</div><div class="content"><!-- wp:paragraph -->
<p>Microsoft annonce la fin de support prochaine de plusieurs de leurs logiciels. Merci d’en prendre connaissance et/ou vous retourner vers votre contact informatique.</p>
<!-- /wp:paragraph -->

<!-- wp:list {"ordered":true,"start":1} -->
<ol start="1" class="wp-block-list"><!-- wp:list-item -->
<li><strong>MS abandonne la version on premise d’Exchange.</strong></li>
<!-- /wp:list-item --></ol>
<!-- /wp:list -->

<!-- wp:paragraph -->
<p>Microsoft annonce <strong>la fin de support d’Exchange</strong> au 14 octobre 2025 : <a href="https://nam04.safelinks.protection.outlook.com/?url=https%3A%2F%2Flearn.microsoft.com%2Ffr-fr%2Flifecycle%2Fproducts%2Fexchange-server-2019&amp;data=05%7C02%7Cguillaume.robin%40wolterskluwer.com%7C2bf5064ecbb340bd2ef708ddb3387e34%7C8ac76c91e7f141ffa89c3553b2da2c17%7C0%7C0%7C638863777394305660%7CUnknown%7CTWFpbGZsb3d8eyJFbXB0eU1hcGkiOnRydWUsIlYiOiIwLjAuMDAwMCIsIlAiOiJXaW4zMiIsIkFOIjoiTWFpbCIsIldUIjoyfQ%3D%3D%7C0%7C%7C%7C&amp;sdata=222xPvSMl%2BHcYzj%2FvIupmBFtutfoA9g%2B%2BHAO2nZ%2FXDI%3D&amp;reserved=0" target="_blank" rel="noreferrer noopener">Cliquez ici </a></p>
<!-- /wp:paragraph -->

<!-- wp:paragraph -->
<p>Les conséquences de l’abandon de la version On Premise Exchange par Microsoft : si vous souhaitez bénéficier de l’intégration du complément LOP Outlook Addin, ou de la synchronisation agenda avec Outlook Exchange, dans Lop il faudra bénéficier d’<a href="https://www.microsoft.com/fr-fr/microsoft-365/exchange/exchange-online" data-type="link" data-id="https://www.microsoft.com/fr-fr/microsoft-365/exchange/exchange-online" target="_blank" rel="noreferrer noopener">un abonnement <strong>Microsoft Exchange Online</strong> cliquez ici </a></p>
<!-- /wp:paragraph -->

<!-- wp:paragraph -->
<p><strong>Si vous êtes concerné ou si vous avez un doute nous vous recommandons d’effectuer une vérification avec votre prestataire informatique ou votre service informatique.</strong></p>
<!-- /wp:paragraph -->

<!-- wp:paragraph -->
<p>-</p>
<!-- /wp:paragraph -->

<!-- wp:list {"ordered":true,"start":2} -->
<ol start="2" class="wp-block-list"><!-- wp:list-item -->
<li><strong><u>Fin de support Version Office 2016 et Office 2019 – Migration vers Office 365&nbsp;:</u></strong></li>
<!-- /wp:list-item --></ol>
<!-- /wp:list -->

<!-- wp:paragraph -->
<p>Par ailleurs Microsoft <a href="https://support.microsoft.com/fr-fr/office/fin-de-la-prise-en-charge-pour-office-2016-et-office-pour-office-2019-818c68bc-d5e5-47e5-b52f-ddf636cf8e16#:~:text=Support%20for%20Office%202016%20and%20Office%202019%20will%20end%20on,apps%20will%20continue%20to%20function." data-type="link" data-id="https://support.microsoft.com/fr-fr/office/fin-de-la-prise-en-charge-pour-office-2016-et-office-pour-office-2019-818c68bc-d5e5-47e5-b52f-ddf636cf8e16#:~:text=Support%20for%20Office%202016%20and%20Office%202019%20will%20end%20on,apps%20will%20continue%20to%20function." target="_blank" rel="noreferrer noopener"><strong>arrête le support d’Office 2016 et Office 2019 le 14 octobre 2025</strong> <strong>(cliquez ici)</strong></a></p>
<!-- /wp:paragraph -->

<!-- wp:paragraph -->
<p>Après cette date les versions Office continueront de fonctionner avec LOP mais vous serez sur des versions non supportées par leur éditeur et potentiellement exposé à des risques.</p>
<!-- /wp:paragraph -->

<!-- wp:paragraph -->
<p>Nos équipes sont à votre disposition pour tout complément d’information nécessaire.&nbsp;</p>
<!-- /wp:paragraph -->

<!-- wp:paragraph -->
<p></p>
<!-- /wp:paragraph --></div></div><div class="article new-design  new-orange"><div class="title  new-orange">Basculement sur le RPVA V2 dans Lop</div><div class="content"><!-- wp:paragraph -->
<p>Le CNB a procédé le jeudi 5 juin 2025 à 13h30 au basculement du RPVA sur la version RPVA2.</p>
<!-- /wp:paragraph -->

<!-- wp:paragraph -->
<p><strong>Tous les messages reçus dans les boîtes de réception TJ &amp; CA, depuis le 3 juin 2024, apparaissent en statut « non lu », même s’ils ont été lus et / importés dans un dossier Lop.</strong></p>
<!-- /wp:paragraph -->

<!-- wp:paragraph -->
<p>Il s’agit d’un effet secondaire du basculement effectué par le CNB, affectant tous les éditeurs de logiciels disposant d’une intégration avec le RPVA.</p>
<!-- /wp:paragraph -->

<!-- wp:paragraph -->
<p>Les messages que vous avez préalablement importés dans vos dossiers Lop sont toujours bien enregistrés.</p>
<!-- /wp:paragraph -->

<!-- wp:paragraph -->
<p>Nous vous recommandons cependant de vérifier si les messages récents et importants ont bien été importés.</p>
<!-- /wp:paragraph -->

<!-- wp:paragraph -->
<p>Nous vous excusons de la gêne occasionnée.</p>
<!-- /wp:paragraph -->

<!-- wp:paragraph -->
<p><em>Les équipes Lop&nbsp;</em></p>
<!-- /wp:paragraph -->

<!-- wp:paragraph -->
<p></p>
<!-- /wp:paragraph --></div></div><div class="article new-design  new-green"><div class="title  new-green">Page Linkedin   LOP</div><div class="content"><!-- wp:paragraph -->
<p>La page Linkedin LOP vous permet de suivre toute l'actualité du logiciel LOP : ses nouveautés, les évènements sur lesquels nous sommes présents pour nous rencontrer (salons, séminaires), nos livres blancs, etc.. Inscrivez-vous dès à présent <strong><a rel="noreferrer noopener" href="https://www.linkedin.com/showcase/lop-logiciel-pour-avocats/" target="_blank">(cliquez ici)</a></strong> pour vous tenir informé !</p>
<!-- /wp:paragraph --></div></div><div class="article new-design  new-orange"><div class="title  new-orange">Prérequis LOP (Mai 2025)</div><div class="content"><!-- wp:list -->
<ul class="wp-block-list"><!-- wp:list-item -->
<li><a href="https://wkleu.my.salesforce.com/sfc/p/24000000ekmU/a/Vk000002x8YH/8zTqbHfK1AB6zewawLB6l.4kUkdSYgLftdcNPDWYzXM" target="_blank" rel="noreferrer noopener">Retrouvez l'intégralité des&nbsp;prérequis LOP (édition INTRANET) en vous&nbsp;rendant sur cette page (cliquez ici)</a></li>
<!-- /wp:list-item -->

<!-- wp:list-item -->
<li><a href="https://wkleu.my.salesforce.com/sfc/p/24000000ekmU/a/Vk0000033Sqr/FEP0X8KWwg9oyHn.0K5QPVZL3M5kOxBXPlxxDJM958I" data-type="URL" data-id="https://wkleu.my.salesforce.com/sfc/p/24000000ekmU/a/08000005DU46/DtI4Cn9yx2Fe46T4uBGKnKRkW7hBXVX_BHZ_HQ_qy1M" target="_blank" rel="noreferrer noopener">Pour les prérequis LOP édition Cloud (cliquez ici) </a></li>
<!-- /wp:list-item --></ul>
<!-- /wp:list -->

<!-- wp:paragraph -->
<p><br><p><em>Les prérequis sont actualisés régulièrement. Merci de les consulter afin de vous tenir informé des dernières versions et vérifier avec votre prestataire informatique ou votre service IT que vous êtes toujours sur un environnement supporté.</em></p></p>
<!-- /wp:paragraph --></div></div><div class="article new-design  new-orange"><div class="title  new-orange">Recommandation - Sauvegardes de vos données</div><div class="content"><!-- wp:paragraph -->
<p>Si vous avez opté pour la version intranet de LOP (serveur au cabinet), pensez à vous rapprocher de votre prestataire informatique pour des sauvegardes régulières de vos données et documents. Il est de votre responsabilité de gérer ces sauvegardes et de bien mettre à jour vos serveurs avec les derniers patchs de sécurité.</p>
<!-- /wp:paragraph -->

<!-- wp:paragraph -->
<p>Si vous disposez de la version CLOUD de LOP, des sauvegardes sont effectuées automatiquement tous les jours par notre prestataire Microsoft Azure.</p>
<!-- /wp:paragraph --></div></div></div>


<div id="footer">
<div style="float:right;"><a href="https://download.teamviewer.com/download/TeamViewerQS.exe">Télémaintenance</a></div>
<div>Besoin d&#8217;aide ? Contactez-nous par <a href="mailto:FR-Support.LamyOptimium@wolterskluwer.com"><b>e-mail</b></a> ou appelez au <b>0809 10 31 64</b> *</div>
<div><em>* Votre appel est gratuit ou au tarif d&#8217;une communication locale selon votre opérateur</em></div>
</div>

<p>Télémaintenance Besoin d&#8217;aide ? Contactez-nous par e-mail ou appelez au 0809 10 31 64 * * Votre appel est gratuit ou au tarif d&#8217;une communication locale selon votre opérateur</p>
